{"id":892,"date":"2023-06-26T15:17:19","date_gmt":"2023-06-26T13:17:19","guid":{"rendered":"https:\/\/eovo.fr\/?page_id=892"},"modified":"2023-10-02T11:40:51","modified_gmt":"2023-10-02T09:40:51","slug":"formation","status":"publish","type":"page","link":"https:\/\/eovo.fr\/index.php\/formation\/","title":{"rendered":"Vous souhaitez mettre \u00e0 jour vos connaissances ou d\u00e9velopper des nouvelles comp\u00e9tences ?"},"content":{"rendered":"\n<div style=\"height:61px\" aria-hidden=\"true\" class=\"wp-block-spacer\"><\/div>\n\n\n\n<div class=\"wp-block-columns is-layout-flex wp-container-core-columns-is-layout-9d6595d7 wp-block-columns-is-layout-flex\">\n<div class=\"wp-block-column is-layout-flow wp-block-column-is-layout-flow\" style=\"flex-basis:45%\">\n<figure class=\"wp-block-image size-large border-radius-style\"><img loading=\"lazy\" decoding=\"async\" width=\"1024\" height=\"890\" src=\"http:\/\/eovo.fr\/wp-content\/uploads\/2023\/07\/Formations-2-e1688387239878-1024x890.jpg\" alt=\"\" class=\"wp-image-1095\" srcset=\"https:\/\/eovo.fr\/wp-content\/uploads\/2023\/07\/Formations-2-e1688387239878-1024x890.jpg 1024w, https:\/\/eovo.fr\/wp-content\/uploads\/2023\/07\/Formations-2-e1688387239878-300x261.jpg 300w, https:\/\/eovo.fr\/wp-content\/uploads\/2023\/07\/Formations-2-e1688387239878-768x667.jpg 768w, https:\/\/eovo.fr\/wp-content\/uploads\/2023\/07\/Formations-2-e1688387239878-1000x869.jpg 1000w, https:\/\/eovo.fr\/wp-content\/uploads\/2023\/07\/Formations-2-e1688387239878-230x200.jpg 230w, https:\/\/eovo.fr\/wp-content\/uploads\/2023\/07\/Formations-2-e1688387239878-350x304.jpg 350w, https:\/\/eovo.fr\/wp-content\/uploads\/2023\/07\/Formations-2-e1688387239878-480x417.jpg 480w, https:\/\/eovo.fr\/wp-content\/uploads\/2023\/07\/Formations-2-e1688387239878.jpg 1473w\" sizes=\"auto, (max-width: 1024px) 100vw, 1024px\" \/><\/figure>\n<\/div>\n\n\n\n<div class=\"wp-block-column is-layout-flow wp-block-column-is-layout-flow\" style=\"flex-basis:66.66%\">\n<h2 class=\"wp-block-heading\">Formation en pr\u00e9sentielle :<\/h2>\n\n\n\n<p><em>&#8220;Prendre le temps d&#8217;une journ\u00e9e de formation pour mettre \u00e0 jour ses connaissances&#8221;<\/em> <\/p>\n\n\n\n<p><br>Membre du groupement Nouv&#8217;l expertes en cours de certification qualiopi, \u00e9changeons sur vos besoins de formation.<\/p>\n<\/div>\n<\/div>\n\n\n\n<div class=\"wp-block-columns is-layout-flex wp-container-core-columns-is-layout-9d6595d7 wp-block-columns-is-layout-flex\">\n<div class=\"wp-block-column is-layout-flow wp-block-column-is-layout-flow\" style=\"flex-basis:66.66%\">\n<h2 class=\"wp-block-heading\">Les ateliers flash actu :<\/h2>\n\n\n\n<p><em>&#8220;Allier formation et moment de partage&#8221;<\/em><\/p>\n\n\n\n<p><br>Sous la forme d&#8217;un petit d\u00e9jeuner ou d&#8217;un afterwork participez \u00e0 la pr\u00e9sentation d&#8217;une mise \u00e0 jour fiscale ou comptable li\u00e9e \u00e0 votre activit\u00e9&nbsp;<\/p>\n<\/div>\n\n\n\n<div class=\"wp-block-column is-layout-flow wp-block-column-is-layout-flow\" style=\"flex-basis:45.5%\">\n<figure class=\"wp-block-image size-large border-radius-style\"><img loading=\"lazy\" decoding=\"async\" width=\"1024\" height=\"1024\" src=\"http:\/\/eovo.fr\/wp-content\/uploads\/2023\/09\/ManonRobin-12-1024x1024.jpg\" alt=\"\" class=\"wp-image-1212\" srcset=\"https:\/\/eovo.fr\/wp-content\/uploads\/2023\/09\/ManonRobin-12-1024x1024.jpg 1024w, https:\/\/eovo.fr\/wp-content\/uploads\/2023\/09\/ManonRobin-12-300x300.jpg 300w, https:\/\/eovo.fr\/wp-content\/uploads\/2023\/09\/ManonRobin-12-150x150.jpg 150w, https:\/\/eovo.fr\/wp-content\/uploads\/2023\/09\/ManonRobin-12-768x768.jpg 768w, https:\/\/eovo.fr\/wp-content\/uploads\/2023\/09\/ManonRobin-12-1536x1536.jpg 1536w, https:\/\/eovo.fr\/wp-content\/uploads\/2023\/09\/ManonRobin-12-1000x1000.jpg 1000w, https:\/\/eovo.fr\/wp-content\/uploads\/2023\/09\/ManonRobin-12-230x230.jpg 230w, https:\/\/eovo.fr\/wp-content\/uploads\/2023\/09\/ManonRobin-12-350x350.jpg 350w, https:\/\/eovo.fr\/wp-content\/uploads\/2023\/09\/ManonRobin-12-480x480.jpg 480w, https:\/\/eovo.fr\/wp-content\/uploads\/2023\/09\/ManonRobin-12.jpg 1920w\" sizes=\"auto, (max-width: 1024px) 100vw, 1024px\" \/><\/figure>\n<\/div>\n<\/div>\n\n\n\n<div style=\"height:60px\" aria-hidden=\"true\" class=\"wp-block-spacer\"><\/div>\n\n\n\n<div class=\"wp-block-columns is-layout-flex wp-container-core-columns-is-layout-9d6595d7 wp-block-columns-is-layout-flex\">\n<div class=\"wp-block-column is-layout-flow wp-block-column-is-layout-flow\" style=\"flex-basis:45.5%\">\n<figure class=\"wp-block-image size-large border-radius-style\"><img loading=\"lazy\" decoding=\"async\" width=\"1024\" height=\"1024\" src=\"http:\/\/eovo.fr\/wp-content\/uploads\/2023\/06\/Capture-decran-2023-06-29-a-10.14.22-1024x1024.png\" alt=\"\" class=\"wp-image-931\" srcset=\"https:\/\/eovo.fr\/wp-content\/uploads\/2023\/06\/Capture-decran-2023-06-29-a-10.14.22-1024x1024.png 1024w, https:\/\/eovo.fr\/wp-content\/uploads\/2023\/06\/Capture-decran-2023-06-29-a-10.14.22-300x300.png 300w, https:\/\/eovo.fr\/wp-content\/uploads\/2023\/06\/Capture-decran-2023-06-29-a-10.14.22-150x150.png 150w, https:\/\/eovo.fr\/wp-content\/uploads\/2023\/06\/Capture-decran-2023-06-29-a-10.14.22-768x768.png 768w, https:\/\/eovo.fr\/wp-content\/uploads\/2023\/06\/Capture-decran-2023-06-29-a-10.14.22-1000x1000.png 1000w, https:\/\/eovo.fr\/wp-content\/uploads\/2023\/06\/Capture-decran-2023-06-29-a-10.14.22-230x230.png 230w, https:\/\/eovo.fr\/wp-content\/uploads\/2023\/06\/Capture-decran-2023-06-29-a-10.14.22-350x350.png 350w, https:\/\/eovo.fr\/wp-content\/uploads\/2023\/06\/Capture-decran-2023-06-29-a-10.14.22-480x480.png 480w, https:\/\/eovo.fr\/wp-content\/uploads\/2023\/06\/Capture-decran-2023-06-29-a-10.14.22.png 1432w\" sizes=\"auto, (max-width: 1024px) 100vw, 1024px\" \/><\/figure>\n<\/div>\n\n\n\n<div class=\"wp-block-column is-layout-flow wp-block-column-is-layout-flow\" style=\"flex-basis:66.66%\">\n<h3 class=\"wp-block-heading\">Parcours d&#8217;accueil de nouveaux collaborateurs<\/h3>\n\n\n\n<p><em>&#8220;Parce qu&#8217;on n&#8217;a pas deux fois l&#8217;occasion de faire une bonne impression&#8221; <\/em><\/p>\n\n\n\n<p>Que ce soit en entreprise ou en cabinet comptable, optimisons ensemble votre parcours de on-boarding.<\/p>\n<\/div>\n<\/div>\n","protected":false},"excerpt":{"rendered":"<p>Formation en pr\u00e9sentielle : &#8220;Prendre le temps d&#8217;une journ\u00e9e de formation pour mettre \u00e0 jour ses connaissances&#8221; Membre du groupement Nouv&#8217;l expertes [&hellip;]<\/p>\n","protected":false},"author":1,"featured_media":885,"parent":0,"menu_order":0,"comment_status":"closed","ping_status":"closed","template":"","meta":{"_seopress_robots_primary_cat":"","footnotes":""},"class_list":["post-892","page","type-page","status-publish","has-post-thumbnail","hentry"],"_links":{"self":[{"href":"https:\/\/eovo.fr\/index.php\/wp-json\/wp\/v2\/pages\/892","targetHints":{"allow":["GET"]}}],"collection":[{"href":"https:\/\/eovo.fr\/index.php\/wp-json\/wp\/v2\/pages"}],"about":[{"href":"https:\/\/eovo.fr\/index.php\/wp-json\/wp\/v2\/types\/page"}],"author":[{"embeddable":true,"href":"https:\/\/eovo.fr\/index.php\/wp-json\/wp\/v2\/users\/1"}],"replies":[{"embeddable":true,"href":"https:\/\/eovo.fr\/index.php\/wp-json\/wp\/v2\/comments?post=892"}],"version-history":[{"count":13,"href":"https:\/\/eovo.fr\/index.php\/wp-json\/wp\/v2\/pages\/892\/revisions"}],"predecessor-version":[{"id":1288,"href":"https:\/\/eovo.fr\/index.php\/wp-json\/wp\/v2\/pages\/892\/revisions\/1288"}],"wp:featuredmedia":[{"embeddable":true,"href":"https:\/\/eovo.fr\/index.php\/wp-json\/wp\/v2\/media\/885"}],"wp:attachment":[{"href":"https:\/\/eovo.fr\/index.php\/wp-json\/wp\/v2\/media?parent=892"}],"curies":[{"name":"wp","href":"https:\/\/api.w.org\/{rel}","templated":true}]}}