{"id":833,"date":"2023-06-19T10:43:05","date_gmt":"2023-06-19T08:43:05","guid":{"rendered":"https:\/\/eovo.fr\/?page_id=833"},"modified":"2023-10-02T13:38:40","modified_gmt":"2023-10-02T11:38:40","slug":"tpe-pme","status":"publish","type":"page","link":"https:\/\/eovo.fr\/index.php\/tpe-pme\/","title":{"rendered":"Vous dirigez une TPE \/ PME ?"},"content":{"rendered":"\n<div class=\"wp-block-columns is-layout-flex wp-container-core-columns-is-layout-9d6595d7 wp-block-columns-is-layout-flex\">\n<div class=\"wp-block-column is-layout-flow wp-block-column-is-layout-flow\" style=\"flex-basis:66.66%\">\n<h2 class=\"wp-block-heading\">Vos besoins :<\/h2>\n\n\n\n<ul class=\"wp-block-list\">\n<li style=\"text-transform:none\">Avoir une visibilit\u00e9 sur l&#8217;\u00e9volution de votre activit\u00e9\u00a0 <\/li>\n<\/ul>\n\n\n\n<p><\/p>\n\n\n\n<ul class=\"wp-block-list\">\n<li style=\"text-transform:none\">Pouvoir piloter l&#8217;activit\u00e9 et optimiser le rendement de votre tr\u00e9sorerie\u00a0 <\/li>\n<\/ul>\n\n\n\n<p><\/p>\n\n\n\n<ul class=\"wp-block-list\">\n<li style=\"text-transform:none\">Avoir une tranquillit\u00e9 d&#8217;esprit sur la mise en conformit\u00e9 de votre entreprise <\/li>\n<\/ul>\n\n\n\n<p><\/p>\n\n\n\n<ul class=\"wp-block-list\">\n<li style=\"text-transform:none\">Assurer la p\u00e9rennit\u00e9 de l&#8217;entreprise <\/li>\n<\/ul>\n\n\n\n<p><\/p>\n\n\n\n<ul class=\"wp-block-list\">\n<li style=\"text-transform:none\">Analyser votre situation patrimoniale par rapport \u00e0 vos objectifs <\/li>\n<\/ul>\n\n\n\n<p><\/p>\n\n\n\n<ul class=\"wp-block-list\">\n<li style=\"text-transform:none\">Etudier votre protection sociale par rapport \u00e0 votre situation<\/li>\n<\/ul>\n<\/div>\n\n\n\n<div class=\"wp-block-column is-layout-flow wp-block-column-is-layout-flow\" style=\"flex-basis:45.5%\">\n<figure class=\"wp-block-image size-large border-radius-style\"><img loading=\"lazy\" decoding=\"async\" width=\"1024\" height=\"934\" src=\"http:\/\/eovo.fr\/wp-content\/uploads\/2023\/07\/Dirigeant-entreprise-e1688373460660-1024x934.jpg\" alt=\"\" class=\"wp-image-1025\" srcset=\"https:\/\/eovo.fr\/wp-content\/uploads\/2023\/07\/Dirigeant-entreprise-e1688373460660-1024x934.jpg 1024w, https:\/\/eovo.fr\/wp-content\/uploads\/2023\/07\/Dirigeant-entreprise-e1688373460660-300x274.jpg 300w, https:\/\/eovo.fr\/wp-content\/uploads\/2023\/07\/Dirigeant-entreprise-e1688373460660-768x701.jpg 768w, https:\/\/eovo.fr\/wp-content\/uploads\/2023\/07\/Dirigeant-entreprise-e1688373460660-1000x913.jpg 1000w, https:\/\/eovo.fr\/wp-content\/uploads\/2023\/07\/Dirigeant-entreprise-e1688373460660-230x210.jpg 230w, https:\/\/eovo.fr\/wp-content\/uploads\/2023\/07\/Dirigeant-entreprise-e1688373460660-350x319.jpg 350w, https:\/\/eovo.fr\/wp-content\/uploads\/2023\/07\/Dirigeant-entreprise-e1688373460660-480x438.jpg 480w, https:\/\/eovo.fr\/wp-content\/uploads\/2023\/07\/Dirigeant-entreprise-e1688373460660.jpg 1372w\" sizes=\"auto, (max-width: 1024px) 100vw, 1024px\" \/><\/figure>\n<\/div>\n<\/div>\n\n\n\n<div style=\"height:30px\" aria-hidden=\"true\" class=\"wp-block-spacer\"><\/div>\n\n\n\n<div class=\"wp-block-columns is-layout-flex wp-container-core-columns-is-layout-9d6595d7 wp-block-columns-is-layout-flex\">\n<div class=\"wp-block-column is-layout-flow wp-block-column-is-layout-flow\" style=\"flex-basis:45%\">\n<figure class=\"wp-block-image size-large border-radius-style\"><img loading=\"lazy\" decoding=\"async\" width=\"2455\" height=\"2456\" src=\"http:\/\/eovo.fr\/wp-content\/uploads\/2023\/10\/ManonRobin-17-1-edited.jpg\" alt=\"\" class=\"wp-image-1291\" srcset=\"https:\/\/eovo.fr\/wp-content\/uploads\/2023\/10\/ManonRobin-17-1-edited.jpg 2455w, https:\/\/eovo.fr\/wp-content\/uploads\/2023\/10\/ManonRobin-17-1-edited-300x300.jpg 300w, https:\/\/eovo.fr\/wp-content\/uploads\/2023\/10\/ManonRobin-17-1-edited-1024x1024.jpg 1024w, https:\/\/eovo.fr\/wp-content\/uploads\/2023\/10\/ManonRobin-17-1-edited-150x150.jpg 150w, https:\/\/eovo.fr\/wp-content\/uploads\/2023\/10\/ManonRobin-17-1-edited-768x768.jpg 768w, https:\/\/eovo.fr\/wp-content\/uploads\/2023\/10\/ManonRobin-17-1-edited-1536x1536.jpg 1536w, https:\/\/eovo.fr\/wp-content\/uploads\/2023\/10\/ManonRobin-17-1-edited-2048x2048.jpg 2048w, https:\/\/eovo.fr\/wp-content\/uploads\/2023\/10\/ManonRobin-17-1-edited-1000x1000.jpg 1000w, https:\/\/eovo.fr\/wp-content\/uploads\/2023\/10\/ManonRobin-17-1-edited-230x230.jpg 230w, https:\/\/eovo.fr\/wp-content\/uploads\/2023\/10\/ManonRobin-17-1-edited-350x350.jpg 350w, https:\/\/eovo.fr\/wp-content\/uploads\/2023\/10\/ManonRobin-17-1-edited-480x480.jpg 480w\" sizes=\"auto, (max-width: 2455px) 100vw, 2455px\" \/><\/figure>\n<\/div>\n\n\n\n<div class=\"wp-block-column is-layout-flow wp-block-column-is-layout-flow\" style=\"flex-basis:66.66%\">\n<h3 class=\"wp-block-heading\">Des outils digitaux et des offres adaptables pour une collaboration efficiente :<\/h3>\n\n\n\n<p><strong>Comptabilit\u00e9 \/ gestion\u202f:<\/strong> Tenue de la comptabilit\u00e9 jusqu&#8217;\u00e0 l&#8217;\u00e9tablissement du bilan annuel <\/p>\n\n\n\n<p><strong>Fiscalit\u00e9\u202f: <\/strong>Envoi des d\u00e9clarations fiscales p\u00e9riodiques jusqu&#8217;\u00e0 l&#8217;accompagnement en cas de contr\u00f4le fiscal <\/p>\n\n\n\n<p><strong>Juridique :<\/strong> Tenue des registres des PV et r\u00e9daction des actes juridiques annuels jusqu&#8217;\u00e0 la r\u00e9alisation d&#8217;op\u00e9rations exceptionnelles <\/p>\n\n\n\n<p><strong>Social\u202f:<\/strong> Etablissement des paies jusqu&#8217;\u00e0 l\u2019assistance en gestion des ressources humaines <\/p>\n\n\n\n<p><strong>Suivi et conseil\u202f:<\/strong> Mise \u00e0 disposition d&#8217;indicateurs cl\u00e9s de performance jusqu&#8217;\u00e0 l&#8217;\u00e9tude de votre situation patrimoniale et sociale<\/p>\n<\/div>\n<\/div>\n","protected":false},"excerpt":{"rendered":"<p>Vos besoins : Des outils digitaux et des offres adaptables pour une collaboration efficiente : Comptabilit\u00e9 \/ gestion\u202f: Tenue de la comptabilit\u00e9 [&hellip;]<\/p>\n","protected":false},"author":1,"featured_media":885,"parent":0,"menu_order":0,"comment_status":"closed","ping_status":"closed","template":"","meta":{"_seopress_robots_primary_cat":"","footnotes":""},"class_list":["post-833","page","type-page","status-publish","has-post-thumbnail","hentry"],"_links":{"self":[{"href":"https:\/\/eovo.fr\/index.php\/wp-json\/wp\/v2\/pages\/833","targetHints":{"allow":["GET"]}}],"collection":[{"href":"https:\/\/eovo.fr\/index.php\/wp-json\/wp\/v2\/pages"}],"about":[{"href":"https:\/\/eovo.fr\/index.php\/wp-json\/wp\/v2\/types\/page"}],"author":[{"embeddable":true,"href":"https:\/\/eovo.fr\/index.php\/wp-json\/wp\/v2\/users\/1"}],"replies":[{"embeddable":true,"href":"https:\/\/eovo.fr\/index.php\/wp-json\/wp\/v2\/comments?post=833"}],"version-history":[{"count":43,"href":"https:\/\/eovo.fr\/index.php\/wp-json\/wp\/v2\/pages\/833\/revisions"}],"predecessor-version":[{"id":1313,"href":"https:\/\/eovo.fr\/index.php\/wp-json\/wp\/v2\/pages\/833\/revisions\/1313"}],"wp:featuredmedia":[{"embeddable":true,"href":"https:\/\/eovo.fr\/index.php\/wp-json\/wp\/v2\/media\/885"}],"wp:attachment":[{"href":"https:\/\/eovo.fr\/index.php\/wp-json\/wp\/v2\/media?parent=833"}],"curies":[{"name":"wp","href":"https:\/\/api.w.org\/{rel}","templated":true}]}}